 divided by 113?
41
What is the remainder when 849 is divided by 30?
9
What is the remainder when 216 is divided by 28?
20
Calculate the remainder when 717 is divided by 7.
3
What is the remainder when 1055 is divided by 169?
41
What is the remainder when 236 is divided by 195?
41
What is the remainder when 502 is divided by 168?
166
What is the remainder when 17510 is divided by 22?
20
What is the remainder when 62 is divided by 1?
0
Calculate the remainder when 1444 is divided by 70.
44
What is the remainder when 189 is divided by 38?
37
What is the remainder when 907 is divided by 175?
32
Calculate the remainder when 598 is divided by 103.
83
Calculate the remainder when 511 is divided by 200.
111
Calculate the remainder when 151 is divided by 66.
19
What is the remainder when 1508 is divided by 56?
52
What is the remainder when 481 is divided by 173?
135
What is the remainder when 25 is divided by 18?
7
What is the remainder when 1161 is divided by 43?
0
Calculate the remainder when 301 is divided by 48.
13
Calculate the remainder when 336 is divided by 38.
32
Calculate the remainder when 1444 is divided by 135.
94
What is the remainder when 213 is divided by 54?
51
What is the remainder when 226 is divided by 67?
25
Calculate the remainder when 3000 is divided by 11.
8
Calculate the remainder when 5569 is divided by 14.
11
What is the remainder when 617 is divided by 54?
23
What is the remainder when 2041 is divided by 89?
83
Calculate the remainder when 339 is divided by 163.
13
What is the remainder when 348 is divided by 27?
24
Calculate the remainder when 112 is divided by 20.
12
What is the remainder when 307 is divided by 130?
47
Calculate the remainder when 138 is divided by 138.
0
What is the remainder when 2065 is divided by 207?
202
What is the remainder when 357 is divided by 103?
48
What is the remainder when 34632 is divided by 15?
12
What is the remainder when 371 is divided by 182?
7
Calculate the remainder when 164 is divided by 58.
48
What is the remainder when 348 is divided by 96?
60
What is the remainder when 46 is divided by 5?
1
Calculate the remainder when 79 is divided by 27.
25
What is the remainder when 283 is divided by 15?
13
What is the remainder when 343 is divided by 87?
82
Calculate the remainder when 676 is divided by 60.
16
What is the remainder when 1131 is divided by 143?
130
What is the remainder when 6987 is divided by 18?
3
Calculate the remainder when 234 is divided by 35.
24
What is the remainder when 243 is divided by 223?
20
Calculate the remainder when 1082 is divided by 59.
20
What is the remainder when 76 is divided by 17?
8
Calculate the remainder when 235 is divided by 165.
70
What is the remainder when 5836 is divided by 139?
137
What is the remainder when 1908 is divided by 174?
168
What is the remainder when 236 is divided by 40?
36
Calculate the remainder when 10487 is divided by 8.
7
What is the remainder when 155 is divided by 13?
12
What is the remainder when 2841 is divided by 79?
76
What is the remainder when 319 is divided by 78?
7
Calculate the remainder when 2150 is divided by 310.
290
Calculate the remainder when 59 is divided by 36.
23
What is the remainder when 9446 is divided by 67?
66
Calculate the remainder when 144 is divided by 43.
15
Calculate the remainder when 1378 is divided by 412.
142
Calculate the remainder when 201 is divided by 16.
9
Calculate the remainder when 1846 is divided by 66.
64
Calculate the remainder when 1208 is divided by 175.
158
What is the remainder when 4162 is divided by 520?
2
What is the remainder when 344 is divided by 114?
2
What is the remainder when 1543 is divided by 468?
139
What is the remainder when 4899 is divided by 377?
375
Calculate the remainder when 1180 is divided by 16.
12
Calculate the remainder when 146 is divided by 121.
25
What is the remainder when 868 is divided by 225?
193
Calculate the remainder when 298 is divided by 48.
10
What is the remainder when 36 is divided by 13?
10
What is the remainder when 81 is divided by 68?
13
What is the remainder when 975 is divided by 122?
121
What is the remainder when 116 is divided by 5?
1
Calculate the remainder when 548 is divided by 142.
122
Calculate the remainder when 2379 is divided by 184.
171
Calculate the remainder when 67 is divided by 57.
10
What is the remainder when 337 is divided by 52?
25
Calculate the remainder when 757 is divided by 249.
10
Calculate the remainder when 66 is divided by 38.
28
Calculate the remainder when 379 is divided by 38.
37
Calculate the remainder when 741 is divided by 14.
13
Calculate the remainder when 1040 is divided by 334.
38
What is the remainder when 492 is divided by 96?
12
Calculate the remainder when 852 is divided by 14.
12
What is the remainder when 268 is divided by 21?
16
What is the remainder when 2895 is divided by 8?
7
Calculate the remainder when 71 is divided by 22.
5
What is the remainder when 14673 is divided by 319?
318
Calculate the remainder when 1318 is divided by 216.
22
What is the remainder when 261 is divided by 83?
12
What is the remainder when 3862 is divided by 184?
182
Calculate the remainder when 149 is divided by 46.
11
What is the remainder when 424 is divided by 87?
76
Calculate the remainder when 336 is divided by 20.
16
What is the remainder when 1155 is divided by 77?
0
What is the remainder when 375 is divided by 127?
121
What is the remainder when 587 is divided by 136?
43
Calculate the remainder when 6169 is divided by 63.
58
Calculate the remainder when 58 is divided by 23.
12
Calculate the remainder when 139 is divided by 34.
3
What is the remainder when 4211 is divided by 2101?
9
What is the remainder when 36 is divided by 23?
13
What is the remainder when 10167 is divided by 45?
42
Calculate the remainder when 1560 is divided by 63.
48
What is the remainder when 7 is divided by 3?
1
Calculate the remainder when 305 is divided by 29.
15
Calculate the remainder when 335 is divided by 92.
59
What is the remainder when 785 is divided by 155?
10
What is the remainder when 150 is divided by 79?
71
Calculate the remainder when 2650 is divided by 21.
4
What is the remainder when 273 is divided by 118?
37
Calculate the remainder when 284 is divided by 41.
38
What is the remainder when 306 is divided by 100?
6
What is the remainder when 102 is divided by 56?
46
What is the remainder when 27781 is divided by 92?
89
Calculate the remainder when 484 is divided by 86.
54
Calculate the remainder when 255 is divided by 33.
24
What is the remainder when 617 is divided by 35?
22
What is the remainder when 383 is divided by 55?
53
What is the remainder when 102 is divided by 32?
6
Calculate the remainder when 134 is divided by 40.
14
What is the remainder when 53 is divided by 11?
9
Calculate the remainder when 163 is divided by 34.
27
What is the remainder when 862 is divided by 8?
6
What is the remainder when 162 is divided by 72?
18
Calculate the remainder when 7987 is divided by 10.
7
Calculate the remainder when 948 is divided by 19.
17
What is the remainder when 88 is divided by 37?
14
What is the remainder when 94 is divided by 19?
18
Calculate the remainder when 105 is divided by 103.
2
Calculate the remainder when 507 is divided by 147.
66
What is the remainder when 71 is divided by 42?
29
Calculate the remainder when 8726 is divided by 203.
200
Calculate the remainder when 1113 is divided by 36.
33
What is the remainder when 230 is divided by 138?
92
What is the remainder when 321 is divided by 7?
6
Calculate the remainder when 3325 is divided by 29.
19
Calculate the remainder when 3615 is divided by 134.
131
Calculate the remainder when 2151 is divided by 40.
31
Calculate the remainder when 1091 is divided by 52.
51
What is the remainder when 367 is divided by 53?
49
Calculate the remainder when 7344 is divided by 79.
76
Calculate the remainder when 500 is divided by 239.
22
Calculate the remainder when 7102 is divided by 24.
22
What is the remainder when 31653 is divided by 119?
118
What is the remainder when 11777 is divided by 190?
187
What is the remainder when 2833 is divided by 56?
33
Calculate the remainder when 48 is divided by 12.
0
Calculate the remainder when 73 is divided by 14.
3
What is